 base 6
-34031403
1011001100011011101101 (base 2) to base 13
7b98c6
Convert -6d984 (base 15) to base 3.
-122202210121
-2000220102 (base 3) to base 16
-9c59
-1485228 (base 13) to base 15
-896436
What is -12602 (base 13) in base 8?
-102263
What is 335305 (base 11) in base 2?
10000010011001010011
What is 40038 (base 14) in base 5?
14404324
Convert -2206663 (base 10) to base 4.
-20122233013
aadd (base 16) to base 10
43741
Convert -181088 (base 12) to base 15.
-83652
Convert 355107 (base 8) to base 14.
32367
-1010001010100001 (base 2) to base 14
-1125b
What is 122110011110102 (base 3) in base 4?
203120021120
What is -7c313 (base 14) in base 8?
-1116555
-2a05523 (base 12) to base 6
-501311243
What is -ac4b85 (base 13) in base 5?
-2020111133
1653848 (base 10) to base 16
193c58
-716300 (base 11) to base 4
-10120312023
What is -296a6 (base 14) in base 15?
-2071a
Convert 112202201200202 (base 3) to base 9.
15681622
Convert 38065 (base 12) to base 3.
10212101212
What is -102e0 (base 15) in base 4?
-30201111
What is 12bc2 (base 14) in base 9?
70366
187240 (base 9) to base 16
1c866
Convert -18338460 (base 9) to base 3.
-122101022112000
Convert 111000110111101000 (base 2) to base 4.
320313220
41b8b (base 15) to base 4
302321201
-555140 (base 7) to base 12
-48748
Convert 1216774 (base 8) to base 2.
1010001110111111100
Convert -3150625 (base 9) to base 2.
-110011011110010011110
Convert 10b5c1a (base 14) to base 7.
124504633
Convert 88dd (base 15) to base 4.
13011100
Convert -1df3b (base 16) to base 4.
-131330323
4087e (base 16) to base 6
5355410
What is 8228865 (base 9) in base 11?
2528811
Convert -10a4230 (base 11) to base 8.
-7254762
-423110044 (base 5) to base 8
-6577667
What is 27390 (base 10) in base 8?
65376
Convert 211222111100 (base 3) to base 14.
babc0
What is 97749 (base 11) in base 14?
39a5c
22210202202 (base 3) to base 6
3414245
-56b514b (base 12) to base 6
-1353024535
Convert 1100011202101 (base 3) to base 9.
1304671
Convert -250344 (base 7) to base 3.
-2022211020
a6b884 (base 12) to base 15
370231
-15613441 (base 8) to base 4
-31301130201
10011011101100110110101 (base 2) to base 15
6aba8a
6370424 (base 8) to base 10
1700116
What is 10690c (base 15) in base 2?
10111110110101011110
Convert -6d0048 (base 15) to base 2.
-10011111001000011101011
What is -1000110010110000000111 (base 2) in base 11?
-1334893
What is -1222100000021 (base 3) in base 14?
-1d47d5
Convert -30709 (base 11) to base 9.
-67374
What is 77717 (base 9) in base 3?
2121210121
4872e (base 15) to base 9
382028
Convert 8360175 (base 10) to base 12.
2972093
79a020 (base 11) to base 14
251a1c
5150198 (base 11) to base 5
4311423124
-705602 (base 8) to base 16
-38b82
Convert -1885189 (base 11) to base 3.
-12222202120211
215236 (base 8) to base 2
10001101010011110
What is -121541640 (base 7) in base 16?
-7454a0
Convert 202421134 (base 5) to base 16.
c9c33
What is -1000122020100 (base 3) in base 7?
-4424010
Convert -77862 (base 9) to base 10.
-51734
What is 302200022 (base 4) in base 13?
73202
Convert -40231200 (base 5) to base 13.
-b302c
-1043512 (base 6) to base 7
-306401
What is 132232112 (base 4) in base 5?
13011341
Convert -441447 (base 13) to base 7.
-16422366
What is -34045452 (base 6) in base 11?
-646015
Convert 89297 (base 10) to base 9.
145438
-85dce (base 15) to base 10
-424994
-a83840 (base 12) to base 13
-72201c
Convert 263a635 (base 12) to base 2.
11100110010001000001001
5622332 (base 7) to base 8
2514731
What is 1273 (base 13) in base 9?
3541
Convert -13d7c03 (base 15) to base 2.
-110110110000001100110011
What is 7160262 (base 9) in base 7?
44313203
Convert -2342587 (base 9) to base 12.
-511b07
21014143 (base 6) to base 14
11bbc3
50998 (base 11) to base 12
37081
What is 2211022333 (base 5) in base 7?
55440102
Convert 1042243 (base 7) to base 10.
128068
Convert 20a08 (base 12) to base 13.
166c7
What is 1566115 (base 7) in base 2?
110101010001100001
2522 (base 13) to base 2
1010010010011
What is 122330110 (base 4) in base 13?
3b2cc
-1322a8 (base 12) to base 9
-528872
Convert 775862 (base 12) to base 8.
7170612
-31592 (base 13) to base 12
-434b8
What is 40773 (base 12) in base 15?
19d79
301100110 (base 4) to base 10
201748
Convert -5690a6 (base 12) to base 10.
-1384254
What is 1400143 (base 5) in base 9?
42573
5142546 (base 7) to base 2
10010110010011000101
What is 2368824 (base 9) in base 8?
4717411
What is 11102222212 (base 3) in base 7?
513014
-1313969 (base 10) to base 13
-3700c7
Convert -26e421 (base 15) to base 10.
-1870681
What is 14da2c2 (base 15) in base 11?
859839a
3111920 (base 11) to base 2
10100111101000001010001
What is -12452145 (base 6) in base 14?
-a9c89
Convert -110100010000100000 (base 2) to base 16.
-34420
26700763 (base 8) to base 3
102021200101201
Convert -201010120201121 (base 3) to base 6.
-1001533324
-29d106 (base 15) to base 4
-13230302301
What is 345403 (base 7) in base 14?
18803
40655 (base 15) to base 2
110001110010011010
Convert -1010011101001000 (base 2) to base 3.
-2011202002
-289539 (base 14) to base 13
-3a426a
What is -102654241 (base 7) in base 9?
-12448387
Convert 1bf86 (base 16) to base 12.
56372
Convert -195b1a0 (base 12) to base 4.
-110121301020
Convert -13514b (base 15) to base 4.
-3202222211
1410202 (base 5) to base 10
28802
What is -6021230 (base 9) in base 6?
-152351130
2050571 (base 8) to base 5
114421040
-110059 (base 10) to base 12
-53837
-2012243 (base 11) to base 6
-204152442
Convert 660000 (base 7) to base 10.
115248
Convert -1325550 (base 6) to base 14.
-1ccc2
What is -12033400 (base 5) in base 4?
-123101231
Convert -310012 (base 7) to base 11.
-36769
What is -2121024132 (base 5) in base 8?
-21033416
-25911 (base 12) to base 16
-c8dd
Convert -120b4ea (base 15) to base 7.
-215024110
Convert 55786f (base 16) to base 14.
a5b475
What is 3330925 (base 11) in base 12?
1b59363
What is -31150133 (base 8) in base 3?
-110102200000110
What is -14a880 (base 11) in base 14?
-613ad
Convert 1211045 (base 7) to base 16.
259b8
Convert -526140 (base 8) to base 10.
-175200
64359 (base 14) to base 7
2025642
What is 402046 (base 10) in base 13?
110cc8
What is 40a76 (base 13) in base 8?
342477
1203030012 (base 4) to base 15
805a3
What is 2734022 (base 8) in base 16?
bb812
Convert 11101011110001010001 (base 2) to base 10.
965713
-1312301323 (base 4) to base 3
-220201101101
What is 14121212442 (base 5) in base 14?
25a5928
What is -b5a060 (base 13) in base 14?
-7c86d6
-1147624 (base 8) to base 6
-10431352
Convert -27886 (base 14) to base 13.
-35635
Convert -221002011212001 (base 3) to base 16.
-cb6221
2401232 (base 6) to base 10
124724
Convert -3b7644 (base 12) to base 5.
-223100404
1b6bfe (base 16) to base 14
34acd8
-13012142 (base 9) to base 8
-30267426
Convert -2002210033 (base 4) to base 9.
-1004541
10134043 (base 5) to base 3
11020202002
-21615356 (base 7) to base 14
-36962d
What is -1000101101011110111 (base 2) in base 4?
-1011223313
Convert -782025 (base 11) to base 3.
-2100100210122
Convert -32063 (base 8) to base 2.
-11010000110011
What is 645267 (base 8) in base 15?
43dc5
What is -40124011 (base 5) in base 10?
-317381
-20131225 (base 7) to base 14
-31724c
What is -119967 (base 10) in base 11?
-82151
What is -c57d9 (base 16) in base 11?
-502833
11010001010010011 (base 2) to base 12
52017
-30301110 (base 5) to base 9
-411515
Convert -1866a8 (base 11) to base 5.
-33141014
What is 965d3 (base 14) in base 3?
200110110021
What is -333104 (base 7) in base 5?
-3334311
What is -2211333110 (base 4) in base 8?
-2457724
What is -1044423200 (base 5) in base 3?
-11102000000212
Convert -101001001111110100 (base 2) to base 4.
-221033310
-125521 (base 13) to base 16
-6b7d0
What is 115440 (base 11) in base 4?
230221123
-519063 (base 11) to base 12
-341548
-109265 (base 10) to base 7
-633362
What is 3230233 (base 4) in base 8?
35457
Convert 663365 (base 8) to base 14.
5b381
Convert 121084 (base 11) to base 10.
191756
What is 101010111011010111100 (base 2) in base 10?
1406652
Convert 4001004 (base 11) to base 9.
14302287
-543a5 (base 11) to base 16
-1349f
Convert 123140240 (base 5) to base 11.
37a410
2d976 (base 16) to base 7
1405303
What is -120005414 (base 7) in base 14?
-dadb7b
What is 305018 (base 12) in base 14?
1592ba
What is 242cca8 (base 13) in base 6?